599 a composite number?
False
Is 8322610939 prime?
False
Is 3834040043 a prime number?
True
Is 8472366263 a composite number?
False
Is 76385807 composite?
True
Is 15436599797 a prime number?
False
Is 23037356219 composite?
True
Is 36686034467 a prime number?
True
Is 69643142147 prime?
True
Is 1518841462 composite?
True
Is 29471450813 prime?
False
Is 2297273551 prime?
True
Is 11911257019 a prime number?
True
Is 154421761553 a prime number?
True
Is 2691910567 composite?
False
Is 43193925199 a composite number?
True
Is 289199323951 composite?
False
Is 56439433795 a prime number?
False
Is 55597733473 a composite number?
False
Is 21255545159 a composite number?
False
Is 3758669633 prime?
False
Is 790793483 a composite number?
True
Is 7222490801 a composite number?
False
Is 57998952773 prime?
True
Is 91601509 a prime number?
True
Is 4751882521 prime?
False
Is 230625371 a composite number?
True
Is 5159102127 a prime number?
False
Is 6879465881 prime?
True
Is 15993228983 composite?
True
Is 12803490985 a composite number?
True
Is 66886333 prime?
False
Is 11567414137 a prime number?
True
Is 61591913687 a prime number?
False
Is 164160697 a prime number?
True
Is 786381491 composite?
True
Is 6646777999 a prime number?
False
Is 39255330407 a prime number?
False
Is 29703484337 a prime number?
True
Is 211643879531 a composite number?
True
Is 8364709081 prime?
False
Is 1451862247 prime?
False
Is 572146409 composite?
True
Is 6533036099 a composite number?
True
Is 12932488343 a prime number?
True
Is 759294119 prime?
False
Is 254778210517 a composite number?
False
Is 60870441157 composite?
False
Is 194057131 composite?
True
Is 1848139109 prime?
True
Is 1036985359 a composite number?
False
Is 231107986 a composite number?
True
Is 368164309 prime?
False
Is 18717571993 composite?
True
Is 76362990797 a prime number?
False
Is 70170352261 composite?
False
Is 19643275801 a composite number?
True
Is 897065579 a composite number?
False
Is 373472369 a composite number?
True
Is 23168275883 a composite number?
True
Is 1581802349 a composite number?
True
Is 19848404129 a composite number?
False
Is 4700077489 a prime number?
False
Is 3572738707 a prime number?
False
Is 5159263229 composite?
False
Is 38505785359 a prime number?
True
Is 1380919051 prime?
True
Is 25717042322 composite?
True
Is 51190182889 a composite number?
False
Is 5044070429 composite?
True
Is 76340512849 a composite number?
False
Is 574541239 a prime number?
False
Is 1636243997 composite?
True
Is 15565129979 prime?
False
Is 3969531271 a composite number?
False
Is 631491431 a composite number?
True
Is 992769542 a composite number?
True
Is 36075822949 a prime number?
True
Is 347373707 composite?
False
Is 1514115079 composite?
False
Is 1097103617 composite?
False
Is 2826109963 a composite number?
False
Is 825277003 prime?
False
Is 34034843 prime?
False
Is 4294212379 prime?
True
Is 401377061 prime?
True
Is 22085635547 prime?
False
Is 12618849571 composite?
True
Is 2647761533 prime?
False
Is 17287714007 prime?
False
Is 42338783001 prime?
False
Is 1898028541 prime?
False
Is 212597558 composite?
True
Is 62903624435 a prime number?
False
Is 103136918 prime?
False
Is 2719189181 prime?
False
Is 479211203 a composite number?
True
Is 2939497063 a composite number?
True
Is 2591116321 composite?
True
Is 38789312543 a composite number?
True
Is 1073372387 a composite number?
True
Is 10588395331 composite?
False
Is 22783547401 a prime number?
True
Is 12719572337 prime?
False
Is 296517019 composite?
False
Is 22806931391 a prime number?
True
Is 1374108169 a prime number?
False
Is 133700833 composite?
True
Is 2358720359 prime?
False
Is 464540633 prime?
False
Is 2221448563 composite?
True
Is 12341339 a composite number?
False
Is 323447639 a prime number?
True
Is 3116622109 prime?
True
Is 16818965843 a composite number?
False
Is 41225194369 composite?
True
Is 1100153531 composite?
False
Is 106126543 prime?
False
Is 524364719 a prime number?
False
Is 12838436221 prime?
False
Is 606734461 a composite number?
False
Is 6185563 a composite number?
True
Is 553274171 prime?
True
Is 21212920429 a composite number?
False
Is 4234957291 composite?
True
Is 1758191261 a composite number?
False
Is 12784168823 a composite number?
False
Is 2066749631 composite?
False
Is 205787527 prime?
False
Is 659461919 a composite number?
False
Is 712050473 composite?
True
Is 699359173 a prime number?
True
Is 157116113059 a composite number?
False
Is 2067060383 prime?
True
Is 10733219081 a composite number?
True
Is 42705141379 prime?
False
Is 23593516307 composite?
False
Is 4389194842 composite?
True
Is 4756140811 a composite number?
False
Is 2574831829 composite?
True
Is 260185669 a prime number?
True
Is 261827561 a prime number?
False
Is 1694371823 composite?
False
Is 369951545 prime?
False
Is 8650246277 a prime number?
True
Is 13383489443 composite?
True
Is 137450447 prime?
False
Is 12492709051 a prime number?
True
Is 1616573477 composite?
True
Is 7635529234 prime?
False
Is 233804957 prime?
True
Is 10730160269 prime?
True
Is 1684552657 a composite number?
False
Is 5143757603 a composite number?
False
Is 2185672061 composite?
False
Is 2112362951 a composite number?
False
Is 3965740279 prime?
True
Is 14109078821 composite?
True
Is 2122351939 prime?
False
Is 19232902123 a composite number?
True
Is 42543776477 prime?
True
Is 2276559967 composite?
True
Is 37203241147 prime?
True
Is 213143010265 composite?
True
Is 2583724919 a prime number?
False
Is 39088451777 prime?
True
Is 3375742451 a composite number?
True
Is 2134688141 prime?
False
Is 41966929 prime?
True
Is 878225927 composite?
False
Is 3875819183 a prime number?
True
Is 22188266869 prime?
True
Is 31086591331 composite?
True
Is 6904797395 composite?
True
Is 17137482889 prime?
False
Is 9882833 prime?
False
Is 149314616359 a prime number?
False
Is 1832961649 a prime number?
False
Is 27854872417 a composite number?
False
Is 2795942651 a composite number?
False
Is 2412715787 a prime number?
True
Is 42988958773 a composite number?
False
Is 23250436207 a prime number?
True
Is 1717463697 prime?
False
Is 1710863299 a composite number?
False
Is 19392916541 composite?
False
Is 323909863 a composite number?
False
Is 3621683885 composite?
True
Is 2896475605 composite?
True
Is 38486491 a composite number?
True
Is 235304219 a prime number?
True
Is 153085083 a prime number?
False
Is 478568159 a prime number?
True
Is 374024941 prime?
True
Is 39606943547 prime?
True
Is 2329297273 a prime number?
True
Is 23407667119 prime?
False
Is 9778091369 prime?
False
Is 9795007889 composite?
True
Is 566155385 composite?
True
Is 28264463803 a prime number?
True
Is 1209804909 a prime number?
False
Is 1322410489 a composite number?
False
Is 74007914735 prime?
False
Is 1433811989 prime?
True
Is 13254071 composite?
True
Is 839231443 a prime number?
True
Is 949619851 prime?
False
Is 19699997 a composite number?
False
Is 378938233 prime?
True
Is 1644580733 composite?
True
Is 389508409 a composite number?
True
Is 10762324691 a prime number?
False
Is 4751198041 a composite number?
False
Is 445764862 a composite number?
True
Is 329466019 prime?
False
Is 27144856021 a prime number?
True
Is 565951289 a prime number?
True
Is 1181813417 a composite number?
False
Is 470968290443 a prime number?
False
Is 37377697307 a composite number?
False
Is 83222403263 composite?
False
Is 466721513 prime?
True
Is 27237723101 prime?
True
Is 3157080637 a prime number?
True
Is 210534017 a prime number?
False
Is 30753195197 composite?
False
Is 3752707999 prime?
True
Is 438644719 prime?
False
Is 17576283871 composite?
True
Is 1037493659 a prime number?
True
Is 17246683637 prime?
False
Is 23362115459 composite?
True
Is 1211618729 composite?
False
Is 1020453853 a composite number?
False
Is 2263815709 composite?
True
Is 29608338629 composite?
True
Is 8334578639 a composite number?
True
Is 12140694677 composite?
True
Is 195583027 a composite number?
True
Is 6370119299 prime?
True
Is 11610664699 prime?
True
Is 5046912589 a prime number?
False
Is 6356223337 a composite number?
False
Is 334546403 a composite number?
False
Is 1813812353 prime?
True
Is 8999917253 composite?
False
Is 45117405131 prime?
False
Is 266193241 prime?
True
Is 39980279 composite?
True
Is 3625537441